-45 - p. Let z = 28 + x. Calculate the highest common divisor of 40 and z.
5
Let n = -19 - -19. Suppose -6*x + 16 + 20 = n. Let z be (2 + x/(-2))*-1. What is the highest common factor of 6 and z?
1
Suppose 1020 = -163*j + 175*j. Let w be 36 + (-1 - (-3 + 4)). What is the highest common divisor of w and j?
17
Let p(b) = -b**2 + 21*b + 31. Let y be p(22). Suppose -28 = -3*a + a. Let t = a - y. What is the highest common divisor of 15 and t?
5
Let y(z) = -z**3 - 6*z**2 - 2*z - 3. Let g be y(-7). Suppose 8 = f - 2. Calculate the greatest common factor of g and f.
10
Let b be 56/16*42/3. Calculate the highest common factor of b and 14.
7
Suppose 60 = d - f, 2*d - 49 - 86 = -f. Suppose -5*j + 25 = -d. Calculate the highest common factor of j and 6.
6
Let n(d) = -d + 106 - 136 - 2*d. Let s be n(-20). Suppose 11 + 49 = 4*g. Calculate the greatest common factor of s and g.
15
Let z be 2 - 1/(2/(-24)). Let c = -786 + 912. Calculate the greatest common divisor of z and c.
14
Suppose 19*z - 78 = 17*z. Let v be ((-6)/(-2))/(1/z). Let q be ((-26)/6)/((-1)/3). What is the highest common divisor of q and v?
13
Suppose -4*i + 66 - 6 = 0. What is the highest common factor of 6 and i?
3
Let t be 2486/33 + 4/6. Suppose -x - 5*r = 3*x - t, -54 = -3*x - 3*r. What is the highest common factor of 7 and x?
7
Suppose -6 = 3*u - 39. Let f = u + 29. Calculate the highest common factor of f and 15.
5
Suppose 0 = 6*n - 0*n - 24. Let i be (-160)/(-12)*3 - n. What is the greatest common divisor of 12 and i?
12
Suppose 3*d - 592 = -3*a - 220, 0 = -5*d - 10. What is the highest common factor of 21 and a?
21
Let t = -12 - -17. Let z = 8 - t. Suppose 2*g = -4*f + g + 69, z*f - 63 = -3*g. Calculate the highest common divisor of f and 4.
4
Let r = 30 - -24. What is the highest common divisor of r and 54?
54
Suppose 0 = 2*k + 5*d - 543 - 373, 0 = -5*k + 3*d + 2352. Calculate the highest common divisor of k and 52.
52
Suppose 6*w - 5*w - 12 = 0. Let n be (22/4)/(1/w*3). What is the greatest common divisor of n and 55?
11
Let k(a) = 4*a**2 + 8*a - 3. Let j be k(-3). What is the greatest common factor of j and 1908?
9
Let w(x) = -x**3 + 22*x**2 + 19*x - 7. Let q be w(21). Calculate the greatest common factor of 17 and q.
17
Suppose 0 = 5*m - 4*m - 16. Suppose -u + 10 = o, -4*o + 41 = u + m. Suppose -u*y - 12 - 3 = 0, -4*c - 4*y = 0. What is the greatest common factor of 3 and c?
3
Let k = -150 + 258. Calculate the highest common divisor of k and 24.
12
Let o be (-364)/(-10) + (-44)/110. Let g = o - 24. What is the greatest common divisor of 48 and g?
12
Suppose -4*s - 6*i = -66, 2*s + 3*i - 35 = 2*i. Suppose -288 = -4*l - 0*l. What is the highest common factor of s and l?
18
Let r be 7 - 3/((-3)/(-4)). Let b(q) = -3 + 3*q**2 - 5*q - q**2 - r*q**3 + 2*q + 9*q**3. Let g be b(3). What is the greatest common factor of g and 21?
21
Suppose -7*g + 408 = -264. Let c be (6/(-7))/(12 - 1020/84). What is the greatest common factor of g and c?
6
Let a = -11 + 13. Let g(y) = 9*y**3 - y**2 + 3*y - 4. Let z be g(a). Calculate the highest common divisor of 14 and z.
14
Suppose -17*c + 70 = -7*c. Suppose 4*d - 3*j - 15 + 5 = 0, 4 = 2*d - j. Calculate the greatest common divisor of d and c.
1
Let u be (-2 + (-1)/(-1))*-39. Calculate the greatest common factor of u and 351.
39
Let g be 2034/10 + 2/(-5). Let l = 4017 + -3988. What is the greatest common factor of g and l?
29
Suppose 41*t = 39*t + 96. What is the greatest common factor of 66 and t?
6
Let h(r) = r**3 + 2*r**2 - 3. Let d = 16 - 18. Let q be h(d). Let z be 5 - -6*q/9. Calculate the greatest common divisor of z and 33.
3
Let l(m) = -m**2 - 6*m + 8. Let c be l(-7). Let p be (-1 + 8)/(2*c/68). What is the highest common factor of p and 34?
34
Let s(y) = y + 16. Let h be s(-13). Suppose x - h*a + 4*a + 1 = 0, 4 = -3*x - 4*a. Let t be (-60)/14*(x + -7). What is the greatest common divisor of t and 20?
10
Let o be 129/6 - (-1)/(-2). Suppose 0*k + 2*m + 178 = k, 0 = k + 2*m - 158. What is the highest common factor of k and o?
21
Let s(w) = w**2 + 2*w + 2. Let n be s(4). Suppose -2*d + 22 = -n. Suppose 21*b = 22*b - d. Calculate the highest common factor of 96 and b.
24
Suppose 7*q - 12*q = -5. Let t be 7*(-4 + (q - -10)). Calculate the highest common factor of 14 and t.
7
Let w = -48 - -466. Let x be w/5 + (-4)/(-10). What is the highest common divisor of x and 56?
28
Suppose -s - 2 = y - 0, 12 = 2*s - 2*y. Let b = 4 - s. Suppose -184 = b*z - 6*z. Calculate the highest common divisor of z and 115.
23
Let p = -629 - -895. What is the greatest common factor of 14 and p?
14
Let w(p) = 2*p**2 - 7*p - 19. Let b = -102 + 99. Let l be w(b). What is the highest common factor of 180 and l?
20
Suppose -c = -4*c + 4*q + 99, -4*q = -5*c + 165. Suppose -8*g = -2*g. Let b be (-18)/(-6) - (g - 261). What is the highest common divisor of c and b?
33
Let l(c) = -c**2 - 11*c + 10*c - 1 - 4*c**2. Let f be l(-1). Let q be ((-22)/f)/(7/35). Calculate the greatest common divisor of q and 55.
11
Let n(d) = 4*d**2 + 14*d - 6. Let w be n(-4). What is the greatest common factor of w and 52?
2
Suppose 21 = 36*x - 519. Suppose 5*g + 41 = -3*b + b, 3*b + 4*g + 44 = 0. Let h = x + b. What is the highest common divisor of h and 56?
7
Let t(c) = 427*c**2 - 55*c - 54. Let p be t(-1). Calculate the highest common factor of 8 and p.
4
Suppose 5*l + k - 336 = 167, -2*l + 4*k + 188 = 0. Suppose -5*v = -140 - 60. Calculate the highest common divisor of v and l.
20
Let n(y) = -10 + 7*y**2 + 17 + 0*y - 9*y. Let x be n(-7). Let w = x + -170. What is the greatest common divisor of w and 27?
27
Suppose -y + 5*v + 345 = 217, 5*y = -5*v + 640. Suppose 0 = -2*h + 47 - 15. What is the greatest common divisor of h and y?
16
Let k(j) = 7*j + 87*j**3 - 20*j + 3 + j**2 + 10*j. Let y be k(1). What is the highest common factor of 22 and y?
22
Suppose -891 = 75*b - 86*b. What is the highest common divisor of b and 288?
9
Let s(u) = 3*u + 23. Let y be s(-9). Suppose 0 = -4*n - 3*x - 1, x - 13 = -2*n + 4*x. Let a be 10/y*(-8)/n. Calculate the greatest common divisor of 20 and a.
10
Suppose -5*g = 215 - 840. Let k = g + -119. Calculate the greatest common factor of 27 and k.
3
Suppose 3*x + 0*x = 5*j + 31, 5 = -j. Suppose x*r = -y + 68, -5*y + 3*r + 148 = -166. Calculate the highest common factor of 8 and y.
8
Let j be ((-6)/(-8))/((-4)/(-304)). Calculate the greatest common divisor of j and 399.
57
Let l be 8 + (1/(-7))/(6/(-42)). What is the highest common divisor of l and 207?
9
Let i(c) = -c**2 - 12*c + 2. Let d be i(-12). Suppose -5*b = d*f + 31, 26 - 7 = -2*b - 3*f. Let t = b + 50. What is the greatest common factor of 9 and t?
9
Suppose 152*s - 300 = 142*s. Calculate the highest common divisor of 850 and s.
10
Suppose 0 = 5*b + 2*h + h - 970, 4*h + 611 = 3*b. Let w = b - 92. What is the highest common factor of 15 and w?
15
Let u be (-3)/(1/11*-1). What is the greatest common divisor of u and 22?
11
Let y be (105/(-4))/(5/20). Let z = y + 116. What is the highest common divisor of z and 77?
11
Let v = 278 - 159. Calculate the greatest common factor of v and 34.
17
Suppose 3*j - 18 - 39 = 0. Calculate the greatest common divisor of 551 and j.
19
Let r(j) = -j**2 - 8*j - 10. Let f(v) = -3*v**2 - 24*v - 30. Let m(k) = 6*f(k) - 17*r(k). Let o be m(-6). Calculate the highest common factor of 5 and o.
1
Let f = -107 + 45. Let i = 172 + f. Calculate the highest common divisor of 10 and i.
10
Suppose -4*s = -2*y + 42, 4*s - s - 15 = 0. Suppose -t = -y + 6. What is the greatest common factor of t and 175?
25
Let t = 335 + -135. Calculate the greatest common factor of 8 and t.
8
Let z be (1/(-2))/(1/4). Let b be -1*(z - (1 - -9)). Suppose -5*o + b = -4*o. Calculate the highest common divisor of 60 and o.
12
Suppose -4*x = -5*k + 2*k + 46, 0 = -k + x + 17. What is the greatest common divisor of k and 10?
2
Suppose -3*m = 4*m - 14. Suppose 0 = -3*w + 10 - 49. Let j = w - -15. Calculate the greatest common factor of m and j.
2
Suppose -1813 = -44*m + 1839. What is the highest common factor of m and 3?
1
Let l = -217 - -438. What is the highest common divisor of l and 340?
17
Suppose -6591 = -69*d + 1482. Let n(f) = f**3 - f + 2. Let s be n(3). What is the greatest common divisor of d and s?
13
Suppose 5*